 is c(-1)?
1
Let v(q) = 115*q**3 + 0 + 3 - 114*q**3 - 4*q. Give v(2).
3
Let h(s) = s**2 - s + 16. Let l be -1 - 1 - (-6)/3. Calculate h(l).
16
Let t be -3 - (-3 + -4) - 2. Let a(v) = -v**2 + t*v**2 - 6 + v - 2*v. Suppose -5*d = -g - 10, 0 = -2*g + 2*d - 4. Determine a(g).
-6
Let g = 315 + -311. Let t(m) = -4*m**2 - 19*m - 6. Let x(d) = d**2 + 6*d + 2. Let s(c) = -2*t(c) - 7*x(c). Determine s(g).
-2
Let t be (12/10)/((-18)/(-45)). Let a(n) be the third derivative of 4/3*n**t + 1/24*n**4 + 1/60*n**5 + 0 + 0*n + n**2. What is a(0)?
8
Let j(b) = -4*b**3 - 4*b**2 - 2*b - 8. Let w(s) = 5*s**3 + 4*s**2 + 3*s + 9. Let r(d) = -4*j(d) - 3*w(d). What is r(-4)?
9
Let u(a) = -4*a - 16. Let c(f) = -3*f + 3 + 2*f + 2*f. Let h(i) = 11*c(i) + 2*u(i). What is h(-1)?
-2
Let r(k) = -9*k + 3*k - 5 + 5 - k**2. Calculate r(-6).
0
Suppose -x = -3, -14 = -f - 3*x - 6. Let l(g) be the third derivative of -g**6/60 - g**4/12 - g**3/6 - 4*g**2. Give l(f).
3
Let d = -10 - -6. Let x = 25 - 18. Let j(h) = -5*h**2 - h**3 - 1 + 2 + 2*h - x*h. Give j(d).
5
Let z(m) = -m - 15. Let p be z(-16). Let h(j) = 2*j**3 + j**2 - 1. What is h(p)?
2
Suppose 3*l - 10 = -2*l + b, l - 5*b + 22 = 0. Let a be (0*(-3)/l)/(-1). Let z(f) = 2 - f + 0 + 3 + f**2. Calculate z(a).
5
Let a(u) = u**2 - 7*u - 5. Suppose 0 = 5*g + 2*v - 30, -3*v - 3 = 12. Determine a(g).
3
Let m(j) = j - 5. Let p be 2*(-12)/40*-10. Determine m(p).
1
Let q(s) = -s**3 - 3*s - 4 + s**2 - 3*s**2 - 2*s - 2*s**2. Let u be q(-3). Let t(l) = -l - 4 + l**2 + u + 4. Calculate t(-2).
8
Let j(k) = 15*k + 8. Let q(m) = 2*m**2 + 6*m + 5. Let n be q(-4). Let i(y) = 0 - 7*y - 5 + 4 - 3. Let a(s) = n*i(s) + 6*j(s). Calculate a(-5).
1
Let b be (7 + -4)*3/(-9). Let z(s) = -6*s**3 - 2*s**2 - 2*s - 1. Calculate z(b).
5
Let y = 93 + -100. Let r(s) = s**3 + 8*s**2 + 8*s - 4. Give r(y).
-11
Let w(f) = -f**2 - 8 + 14 - 8. Suppose -n - 3 = -x, n + x = -n - 6. Give w(n).
-11
Let i(m) = -m**2 + 5*m - 2. Let a = 6 + -5. Let p be 3 - ((a - 4) + 3). What is i(p)?
4
Let n(q) be the first derivative of 1/2*q**2 + 5 - 1/3*q**3 - 2*q. What is n(3)?
-8
Let k = -2 + 4. Let o(h) = 6*h**2 + 3 - 2 - h - 7*h**2. Determine o(k).
-5
Suppose -2*b = 2*d, 4*d - d = 3*b - 30. Let q(i) = 2*i + 5. Give q(d).
-5
Let p(x) = -6 - x**2 + 4*x - x**3 + 6 - 1. Suppose 0*n = -5*u - 4*n - 19, -n - 1 = 0. What is p(u)?
5
Let w(r) = -r - 1. Let z be (36/20)/((-6)/(-20)). Let p = -4 + z. Suppose 0 = -4*q - 2 - p. Give w(q).
0
Suppose 5*u + 0*y - 35 = 3*y, -2 = 2*u + 2*y. Let p = u - 0. Let v(j) = p*j - 13 - j - 2*j + 17. Calculate v(-5).
-1
Let n(o) = 4*o**2 - 2*o - 1. Suppose -2*l = 3*l + a - 24, 0 = 3*l - a - 16. Suppose -l*p - 2*s - 1 = 0, 1 = p + 2*s - s. Give n(p).
5
Let m(n) = -4*n - n + 16*n - 12*n + 2*n**2. Give m(2).
6
Let k(f) = -11*f**2. Let y = 5 - 4. Determine k(y).
-11
Suppose 3*a - 3*n = -2*a + 19, 0 = -a + 5*n - 5. Let s(f) = -a*f**2 + 3 + 4*f**2 + 0 + 2*f. Let r be s(3). Let p(q) = q**3 + q**2 + 5. Determine p(r).
5
Suppose -6*h + 2*h + 8 = 0. Let b(i) = -6 + 13 + i**2 - 3*i - h*i. Calculate b(5).
7
Let r(o) = -2 + o + 1 + 5*o - 4*o - 2*o**2. Determine r(1).
-1
Let i(q) = 4*q**3 - q**2 - q + 1. Let a be i(1). Suppose -a*m = p + 3, 0 = 2*m - p + 3*p + 2. Let x(d) = -3*d. Give x(m).
3
Let y(p) = -p**2 + 5*p + 5. Let s be 4/8*(0 - 0). Let i = s - -5. Give y(i).
5
Let w(a) = -2 - a - 3*a**3 + 4*a**3 + a**2 - 9. Suppose -2*n = -6*n. Suppose n = x + 2, 1 = -z + x + 3. What is w(z)?
-11
Let f be 1*3/(-3)*-5. Let z(m) = m**2 - 6*m. Let q be z(f). Let t(n) be the third derivative of -n**6/120 - n**5/12 + n**4/12 + n**3 - n**2. Calculate t(q).
-4
Let z(t) = -2*t + 3*t - 54 + 58 - 2*t. Suppose 23 = 4*x + 5*v + 3, -16 = 3*x - 4*v. Calculate z(x).
4
Let b = 40 - 49. Let a(i) = i**2 + 10*i + 12. Give a(b).
3
Let q(n) = -5*n + 1. Let p(a) = 4*a - 1. Let c(w) = 7*p(w) + 6*q(w). Let g = -4 - -1. Determine c(g).
5
Let l(g) = 0*g - g - g + 2. Let m be 0 - (-1*4)/2. Suppose -2 - m = x, 3*k = -3*x. Give l(k).
-6
Let s = 0 + -2. Let v(i) = 3*i**2 + 3*i + 3. Let x(u) = 2*u**2 + 2*u + 2. Let a = 2 - 7. Let g(d) = a*x(d) + 4*v(d). Determine g(s).
6
Let c(g) = -15 + 2*g + 20 - 15. What is c(7)?
4
Let i(j) = -7 + j - 7 + 14. Let z(w) = -w**3 - 4*w**2 + 10*w - 1. Let b(s) = 6*i(s) - z(s). What is b(-5)?
-4
Let f(k) be the first derivative of k**4/4 + 4*k**3/3 + 3*k**2 + 5*k + 1. What is f(-4)?
-19
Suppose -3*o + 6 = 4*n, 3*n - 21 = -2*n + 3*o. Let s(r) = -2*r**2 + 3*r + 1. Calculate s(n).
-8
Suppose 0 = -3*f + f + 8. Let i(w) be the second derivative of 0 + 1/6*w**3 - 2*w**2 + 2*w. What is i(f)?
0
Suppose -4*r + 6 + 10 = 2*z, 0 = 2*r - 4. Let h(v) be the second derivative of -v - 1/12*v**z + 1/6*v**3 + 0 + 1/2*v**2. What is h(0)?
1
Let r(p) = -p**2 - p + 1. Let c(g) = g**2 + g - 1. Let n(h) = 6*c(h) + 5*r(h). Let b = -2 + 4. Determine n(b).
5
Let s(v) = v + 2. Let x be s(-8). Let a(r) = r + 8. What is a(x)?
2
Let a(g) = -g - 3. Let c = 12 - 13. Let q(p) = -5*p**2 + p + 1. Let k be q(c). Determine a(k).
2
Let i(a) = 2*a + 10. Let y be 38/(-6) + (-17)/((-357)/(-14)). Calculate i(y).
-4
Let y(f) be the third derivative of -f**4/24 - f**3/3 + 4*f**2. Give y(-5).
3
Let h(j) = j - 2. Let v = -76 + 78. Give h(v).
0
Let n(b) = 3*b**2 - 2*b + 1. Let t be n(2). Let o be (-12)/t*(-9)/6. Let i(q) = 1 + 5*q - o*q - 2*q - 2. What is i(-1)?
-2
Let q(z) = -z + 5. Let h be 1*7 + (-36)/9. Determine q(h).
2
Suppose o - 4*r + 21 = 0, -4*o + 2*r = -0*o + 14. Let q = o - -3. Suppose 6*w + 8 = q*w. Let u(n) = -n**3 + n. Give u(w).
6
Let t(k) be the first derivative of k**3/3 + k**2/2 - 3*k + 1. Calculate t(-4).
9
Let u(f) = -f**2 + 4*f + 2. Suppose 20 - 15 = x. Give u(x).
-3
Suppose -5*q - 36 = 24. Let t be ((-4)/q)/(1/9). Let c(v) = t*v + 0 + 6 - 5*v. Calculate c(5).
-4
Suppose 4 = 3*g - 17. Let x(y) = -y**3 + 8*y**2 - 6*y + 1. Give x(g).
8
Let y(h) = 2*h - 10. Let v be y(7). Let g(c) = 6*c - 4*c + c + v. Give g(-5).
-11
Let s(w) be the first derivative of w**3/3 + 2*w + 2. Determine s(-2).
6
Let m(r) = r**3 - 3*r - 3. Suppose p = -l, -3*p + 3 - 15 = -3*l. Give m(p).
-5
Let m(l) = 2*l**2 - 2. Let f be m(-2). Let g be ((-60)/(-18))/(4/f). Let q(o) = -g*o - 3*o**2 + 2 + 2*o + 2*o**2. Give q(-4).
-2
Let n = -4 - -10. Suppose 2*r - 5*p = -40, -2*p + 0*p = -3*r - 49. Let a be r/n - (-3)/(-6). Let v(w) = -w - 3. What is v(a)?
0
Let w be 1/1*(-2 - -9). Suppose -a + w = -4*r, 4*a - 6 = 4*r + r. Let u(d) = 6*d**2 + d + 1. Calculate u(a).
6
Let i(g) = -g**3 + 4*g**2 - 4*g - 1. Suppose 2*t - 2*y = 16, 0 = 3*t - 7*t - 3*y + 46. Let w(f) = f**2 - 10*f + 3. Let k be w(t). Give i(k).
-4
Let i(z) = -10*z**2 + 19*z + 1. Let s(a) = 3*a**2 - 6*a. Let g(h) = -2*i(h) - 7*s(h). What is g(5)?
-7
Let g(r) be the first derivative of -r**4/4 + 7*r**3/3 + 9*r**2/2 - 11*r - 6. Let j be g(8). Let p(l) = -l - 3. Determine p(j).
0
Let r(f) = -4 + 0 + 2 - f + 3. Determine r(2).
-1
Let v(q) = -4*q**3 + q**2 + 2*q - 9. Let g(i) = 3*i**3 - 2*i**2 - 2*i + 8. Let s(f) = -5*g(f) - 4*v(f). What is s(-3)?
17
Let w(f) = f**2 + 14*f + 7. Let l = -39 - -25. Let a be w(l). Let y(u) = -2*u + 6. Determine y(a).
-8
Suppose u - 1 = 2*l, 3*u - u = -l + 2. Suppose 4*x + 4 = 6*x. Let q(o) = x*o**2 - 13 - 3*o**2 - o + 10. What is q(l)?
-3
Let p(x) = -5*x**2 + 7*x - 3. Let y(n) = -14*n**2 + 20*n - 9. Let h(j) = 11*p(j) - 4*y(j). Calculate h(2).
1
Let n(m) = m. Let x(h) = -h. Let g = -19 + 15. Let w(v) = g*x(v) - 3*n(v). Give w(-2).
-2
Suppose v = 9 - 2. Let h(s) = -s**3 + 6*s**2 + 8*s - 8. Calculate h(v).
-1
Let k(r) be the second derivative of -r**4/6 + r**3/3 + r**2 + 4*r. Suppose 2 = q + 4. What is k(q)?
-10
Let z(g) = g + g**2 - 2 + 11 + g**3 + 0*g. Give z(0).
9
Let i(v) = v**2 - 4 + 0*v**2 + 3*v - v + 0*v. Determine i(-4).
4
Let t(r) = -r**3 - r**2 - 1. Let f(c) = -5*c**2 + 2*c - 2. Let s(v) = f(v) - 2*t(v). What is s(2)?
8
Let d = -5 - -10. Let s(t) = -t**3 + 5*t**2 - 3*t - 2. Give s(d).
-17
Suppose 4*r - 15 = 5*q, -2*r - q + 12 = q. Let d(h) be the third derivative of h**4/24 + h**3/2 + 16*h**2. What is d(r)?
8
Let b be (15/6 + -3)*-10. Suppose c = 4*n + 12 + 1, 10 = -b*n - 5*c. Let h = n + 1. Let x(w) = 2*w**2 + 2*w + 3. Give x(h).
7
Suppose -6*x + 3*x = 4*q + 14, -x = -q. Suppose 0 = k - 0*k - 2. Let j(a) = -1 - a - a - k*a. Determine j(x).
7
Let n(b) 